{"id":375,"date":"2023-09-24T21:02:35","date_gmt":"2023-09-25T00:02:35","guid":{"rendered":"https:\/\/sialat2024.com.br\/?page_id=375"},"modified":"2024-02-26T19:48:59","modified_gmt":"2024-02-26T22:48:59","slug":"contato","status":"publish","type":"page","link":"https:\/\/sialat2024.com.br\/index.php\/contato\/","title":{"rendered":"Contato"},"content":{"rendered":"\n<p>Entre em contato com a coordena\u00e7\u00e3o do evento atrav\u00e9s do e-mail:<strong> 5sialat2024@gmail.com<\/strong><\/p>\n\n\n\n<p>Nos acompanhe nas redes sociais:<br>Instagram: <a href=\"https:\/\/www.instagram.com\/sialatufpa\/\">https:\/\/www.instagram.com\/sialatufpa\/<\/a><br>Facebook: <a href=\"https:\/\/www.facebook.com\/sialatufpa\/\" target=\"_blank\" rel=\"noreferrer noopener\">https:\/\/www.facebook.com\/sialatufpa\/<\/a><\/p>\n","protected":false},"excerpt":{"rendered":"<p>Entre em contato com a coordena\u00e7\u00e3o do evento atrav\u00e9s do e-mail: 5sialat2024@gmail.com Nos acompanhe nas redes sociais:Instagram: https:\/\/www.instagram.com\/sialatufpa\/Facebook: https:\/\/www.facebook.com\/sialatufpa\/<\/p>\n","protected":false},"author":1,"featured_media":0,"parent":0,"menu_order":0,"comment_status":"closed","ping_status":"closed","template":"","meta":{"_acf_changed":false,"footnotes":""},"acf":[],"jetpack_sharing_enabled":true,"jetpack-related-posts":[],"_links":{"self":[{"href":"https:\/\/sialat2024.com.br\/index.php\/wp-json\/wp\/v2\/pages\/375"}],"collection":[{"href":"https:\/\/sialat2024.com.br\/index.php\/wp-json\/wp\/v2\/pages"}],"about":[{"href":"https:\/\/sialat2024.com.br\/index.php\/wp-json\/wp\/v2\/types\/page"}],"author":[{"embeddable":true,"href":"https:\/\/sialat2024.com.br\/index.php\/wp-json\/wp\/v2\/users\/1"}],"replies":[{"embeddable":true,"href":"https:\/\/sialat2024.com.br\/index.php\/wp-json\/wp\/v2\/comments?post=375"}],"version-history":[{"count":3,"href":"https:\/\/sialat2024.com.br\/index.php\/wp-json\/wp\/v2\/pages\/375\/revisions"}],"predecessor-version":[{"id":1125,"href":"https:\/\/sialat2024.com.br\/index.php\/wp-json\/wp\/v2\/pages\/375\/revisions\/1125"}],"wp:attachment":[{"href":"https:\/\/sialat2024.com.br\/index.php\/wp-json\/wp\/v2\/media?parent=375"}],"curies":[{"name":"wp","href":"https:\/\/api.w.org\/{rel}","templated":true}]}}