{"id":348,"date":"2023-09-24T18:27:26","date_gmt":"2023-09-24T21:27:26","guid":{"rendered":"https:\/\/sialat2024.com.br\/?page_id=348"},"modified":"2024-02-05T11:12:43","modified_gmt":"2024-02-05T14:12:43","slug":"o-evento","status":"publish","type":"page","link":"https:\/\/sialat2024.com.br\/index.php\/o-evento\/","title":{"rendered":"O Evento &#8211; Circulares"},"content":{"rendered":"\n<p><strong>CIRCULAR 3<\/strong> <br><br>Devido a pedidos,sobretudo de colegas de outros pa\u00edses, o prazo para<strong> Submiss\u00e3o de Resumos<\/strong> foi estendido para<strong> 5 de fevereiro de 2024<\/strong>.<br><br>A resposta tem sido muito positiva na submiss\u00e3o de resumos para os Grupos de Trabalho e para as Sess\u00f5es de P\u00f4steres ao 5o Semin\u00e1rio Internacional Am\u00e9rica Latina e<br>Caribe: conflitos e pol\u00edticas contempor\u00e2neas \u2013 SIALAT &#8211; ABYA AYLA.<br><br>Entre os dias 24 e 26 de abril de 2024 estaremos em Bel\u00e9m. Esse evento tem import\u00e2ncia pelo interc\u00e2mbio internacional e nacional que potencializa, pela oportunidade de conhecer os resultados de pesquisa e as experi\u00eancias acad\u00eamicas de diferentes pa\u00edses da Am\u00e9rica Latina e do Caribe.<br><br>\u00c9 a quinta edi\u00e7\u00e3o desse evento promovido pelo N\u00facleo de Altos Estudos Amaz\u00f4nicos, NAEA, conjuntamente com outros PPGs da UFPA e in\u00fameros parceiros nacionais e<br>Internacionais que tem em seus Institutos ou Centros Latinoamericanos e Caribenhos seu potencial de forma\u00e7\u00e3o, pesquisa e produ\u00e7\u00e3o cient\u00edfica.<br><br>Al\u00e9m de Grupos de Trabalho, conta com Confer\u00eancias, Mesas Redondas, Oficinas e MiniCursos articulados no tema: multi-s\u00f3cio-diversidade, epistemologias e utopias.<br><br>Venha compartilhar conosco desse encontro.<br><br>Comiss\u00e3o Organizadora<br>V SIALAT ABYA YALA<br>As inscri\u00e7\u00f5es podem ser feitas no site:<br><a href=\"https:\/\/sialat2024.com.br\" target=\"_blank\" rel=\"noreferrer noopener\">https:\/\/sialat2024.com.br<\/a><br><br>Acompanhe pelo Instagram: @sialatufpa<br>O evento ser\u00e1 transmitido tamb\u00e9m pelo canal oficial do NAEA<br><a href=\"https:\/\/www.youtube.com\/@NaeaUFPAOficial\" target=\"_blank\" rel=\"noreferrer noopener\">https:\/\/www.youtube.com\/@NaeaUFPAOficial<\/a><\/p>\n\n\n\n<p><a href=\"https:\/\/sialat2024.com.br\/wp-content\/uploads\/2024\/02\/Cirular-3_V-SIALAT.pdf\" target=\"_blank\" rel=\"noreferrer noopener\">CIRCULAR 3 &#8211; PT \/ ES \/ EN \/ FR<\/a><br><br><strong>CIRCULAR 2<\/strong> <\/p>\n\n\n\n<p>O V Semin\u00e1rio Internacional Am\u00e9rica Latina e Caribe: conflitos e pol\u00edticas contempor\u00e2neas &#8211; SIALAT &#8211; ABYA AYLA, ocorrer\u00e1 proximamente, de 24 a 26 de abril de 2024, em Bel\u00e9m.<\/p>\n\n\n\n<p>Informamos que est\u00e1 aberta a submiss\u00e3o de resumos para Grupos de Trabalho e P\u00f3steres at\u00e9 o dia 31 de janeiro de 2024. Igual \u00e0s edi\u00e7\u00f5es anteriores, haver\u00e1 Anais com ISBN da Editora NAEA\/UFPA.<\/p>\n\n\n\n<p>Do evento-esquenta V SIALAT ABYA YALA, ocorrido de 18 a 20 de outubro em 2023, foram incorporadas tem\u00e1ticas emergentes na Am\u00e9rica Latina e no Caribe que tem a ver com o agravamento das conjunturas pol\u00edticas, da a\u00e7\u00e3o e das din\u00e2micas econ\u00f4micas globais e do aumento dos eventos clim\u00e1ticos extremos que abalaram a vida social nesses \u00faltimos anos. Isso tem exigido um pensar cr\u00edtico e radical das ci\u00eancias sociais comprometidas com o conhecimento e o compromisso da ci\u00eancia com o esclarecimento. Desta forma novas quest\u00f5es e reflex\u00f5es ser\u00e3o objeto de exame nas Confer\u00eancias e Mesas Redondas do 5o SIALAT ABYA YALA.<\/p>\n\n\n\n<p>Este evento chega a sua quinta edi\u00e7\u00e3o promovido pelo N\u00facleo de Altos Estudos Amaz\u00f4nicos NAEA-Programa de P\u00f3s-Gradua\u00e7\u00e3o em Desenvolvimento Sustent\u00e1vel do Tr\u00f3pico \u00damido, da Universidade Federal do Par\u00e1, conjuntamente com in\u00fameros parceiros nacionais e Internacionais.<\/p>\n\n\n\n<p>O tema central tratar\u00e1 da multi diversidade do mundo, de epistemologias e utopias. Uma reflex\u00e3o de base a partir dos territ\u00f3rios que est\u00e3o sendo transformados ao longo da Am\u00e9rica Latina e do Caribe, de antigas e novas di\u00e1sporas e das constru\u00e7\u00f5es epistemol\u00f3gicas como processos cognitivos de ver o mundo, de nele existir, re-existir e o transformar.<\/p>\n\n\n\n<p>Assim, fazemos a convoca\u00e7\u00e3o para compartilhar conosco desse momento \u00edmpar de pensar-sentir a Am\u00e9rica Latina e o Caribe.<\/p>\n\n\n\n<p>Edna Castro<\/p>\n\n\n\n<p>Coordenadora do V SIALAT ABYA YALA<br><br><a href=\"https:\/\/sialat2024.com.br\/wp-content\/uploads\/2024\/01\/Cirular-2-Internacional-4-idiomas-.docx.pdf\" target=\"_blank\" rel=\"noreferrer noopener\">CIRCULAR 2 &#8211; PT \/ ES \/ EN \/ FR<\/a><br><\/p>\n\n\n\n<p><strong>CIRCULAR 1<\/strong><\/p>\n\n\n\n<p>Informamos a abertura do site do V <strong><em>Semin\u00e1rio Internacional Am\u00e9rica Latina e Caribe: conflitos e pol\u00edticas contempor\u00e2neas<\/em><\/strong> \u2013 V SIALAT &#8211; que ocorrer\u00e1 em Bel\u00e9m e promovido pelo N\u00facleo de Altos Estudos Amaz\u00f4nicos\/NAEA e seu Programa de P\u00f3s-Gradua\u00e7\u00e3o em Desenvolvimento Sustent\u00e1vel do Tr\u00f3pico \u00damido, da Universidade Federal do Par\u00e1\/UFPA.<\/p>\n\n\n\n<p>Nesta edi\u00e7\u00e3o, o tema central&nbsp;ser\u00e1 <em>Multi-s\u00f3cio-diversidade, pensamento cr\u00edtico e utopias. Esperamos poder refletir <\/em>a partir das viv\u00eancias e das constru\u00e7\u00f5es te\u00f3ricas de car\u00e1ter coletivo, intercultural e transdisciplinar.<\/p>\n\n\n\n<p>Ele ocorrer\u00e1 em dois momentos, sendo uma etapa preparat\u00f3ria com atividades programadas para os dias 18 e 19 de outubro de 2023 e como um esquenta SIALAT. <br><br>O V SIALAT ocorrer\u00e1 nos dias  24 \u00e0 26 de abril de 2024, quando ir\u00e3o se reunir os Grupos de Trabalho al\u00e9m de Confer\u00eancias, Mesas Redondas, Mini Cursos, Lan\u00e7amento de Livros e&nbsp;Programa\u00e7\u00e3o Cultural.<\/p>\n\n\n\n<p>Participamos assim da retornada das atividades presenciais depois dos impasses dolorosos da crise sanit\u00e1ria com a pandemia da Covid&#8211;19 que nos atingiu a todos no planeta. \u00c0 crise sanit\u00e1ria soma-se outras crises contempor\u00e2neas com&nbsp;desdobramentos terr\u00edveis nos pa\u00edses da Am\u00e9rica Latina e do Caribe agravando, ainda mais, os problemas estruturais como a exclus\u00e3o social, o racismo, a desigualdade, a viol\u00eancia e a degrada\u00e7\u00e3o ambiental impondo novos desafios que nos cabe analisar e contribuir com as pol\u00edticas de repara\u00e7\u00e3o. Imp\u00f5e-se como chave a intoler\u00e2ncia aos processos de acumula\u00e7\u00e3o e concentra\u00e7\u00e3o de riqueza, ao saque de recursos naturais e outros itens causadores do aquecimento global e de intensifica\u00e7\u00e3o de eventos extremos. Cabe, portanto, em particular direcionar o olhar&nbsp;sobre processos emergentes que permitam a constru\u00e7\u00e3o de insurg\u00eancias e utopias.&nbsp;<\/p>\n\n\n\n<p>Comiss\u00e3o Organizadora<\/p>\n","protected":false},"excerpt":{"rendered":"<p>CIRCULAR 3 Devido a pedidos,sobretudo de colegas de outros pa\u00edses, o prazo para Submiss\u00e3o de Resumos foi estendido para 5 de fevereiro de 2024. A resposta tem sido muito positiva na submiss\u00e3o de resumos para os Grupos de Trabalho e&hellip; <\/p>\n","protected":false},"author":1,"featured_media":0,"parent":0,"menu_order":0,"comment_status":"closed","ping_status":"closed","template":"","meta":{"_acf_changed":false,"footnotes":""},"acf":[],"jetpack_sharing_enabled":true,"jetpack-related-posts":[],"_links":{"self":[{"href":"https:\/\/sialat2024.com.br\/index.php\/wp-json\/wp\/v2\/pages\/348"}],"collection":[{"href":"https:\/\/sialat2024.com.br\/index.php\/wp-json\/wp\/v2\/pages"}],"about":[{"href":"https:\/\/sialat2024.com.br\/index.php\/wp-json\/wp\/v2\/types\/page"}],"author":[{"embeddable":true,"href":"https:\/\/sialat2024.com.br\/index.php\/wp-json\/wp\/v2\/users\/1"}],"replies":[{"embeddable":true,"href":"https:\/\/sialat2024.com.br\/index.php\/wp-json\/wp\/v2\/comments?post=348"}],"version-history":[{"count":13,"href":"https:\/\/sialat2024.com.br\/index.php\/wp-json\/wp\/v2\/pages\/348\/revisions"}],"predecessor-version":[{"id":1060,"href":"https:\/\/sialat2024.com.br\/index.php\/wp-json\/wp\/v2\/pages\/348\/revisions\/1060"}],"wp:attachment":[{"href":"https:\/\/sialat2024.com.br\/index.php\/wp-json\/wp\/v2\/media?parent=348"}],"curies":[{"name":"wp","href":"https:\/\/api.w.org\/{rel}","templated":true}]}}