{"id":1394,"date":"2024-04-04T18:56:59","date_gmt":"2024-04-04T21:56:59","guid":{"rendered":"https:\/\/sialat2024.com.br\/?page_id=1394"},"modified":"2024-04-05T10:29:31","modified_gmt":"2024-04-05T13:29:31","slug":"sessao-de-posteres","status":"publish","type":"page","link":"https:\/\/sialat2024.com.br\/index.php\/sessao-de-posteres\/","title":{"rendered":"Sess\u00e3o de P\u00f4steres"},"content":{"rendered":"\n<p><strong>SUBMISS\u00c3O DE TRABALHOS<\/strong><\/p>\n\n\n\n<p>Observa\u00e7\u00f5es gerais:<\/p>\n\n\n\n<p>O primeiro passo para a submiss\u00e3o de propostas aos Grupos de Trabalho do 5\u00ba SIALAT \u00e9 o envio de resumos. Nesta edi\u00e7\u00e3o o evento possui duas modalidades para a apresenta\u00e7\u00e3o de trabalhos: 1) Comunica\u00e7\u00e3o Oral (resumos e trabalhos completos) e 2) Sess\u00e3o de P\u00f4ster<br><br>Confira abaixo os detalhes da modalidade P\u00f4ster:<\/p>\n\n\n\n<p><strong>2) Sess\u00e3o de P\u00f4ster<\/strong><br><br>Regras de Participa\u00e7\u00e3o<br><br>\u2022 A Sess\u00e3o de P\u00f4steres \u00e9 destinada aos estudantes da gradua\u00e7\u00e3o<br>\u2022 Para participar os(as) interessados(as) devem enviar seus resumos. Mais a frente em \u201cModelo e regras para o resumo\u201d \u00e9 poss\u00edvel acessar o template e as especifica\u00e7\u00f5es para a elabora\u00e7\u00e3o deste material.<br>\u2022 Cada trabalho poder\u00e1 ter at\u00e9, no m\u00e1ximo, 4 (quatro) autores<br>\u2022 \u00c9 obrigat\u00f3rio que o(a) primeiro(a) autor(a) seja da gradua\u00e7\u00e3o<\/p>\n\n\n\n<p>Apresenta\u00e7\u00e3o de P\u00f4ster<\/p>\n\n\n\n<p>\u2022 Os trabalhos aprovados ser\u00e3o apresentados presencialmente durante os dias do Semin\u00e1rio na forma de p\u00f4steres.<br>\u2022 A apresenta\u00e7\u00e3o dos p\u00f4steres devem ocorrer nos dias e hor\u00e1rios a serem informados pela Comiss\u00e3o Organizadora<\/p>\n\n\n\n<p>Os p\u00f4sters devem seguir as seguintes especifica\u00e7\u00f5es:<\/p>\n\n\n\n<p>\u2022 Largura:0,90m<br>\u2022 Altura: 1,20m<br>\u2022 Possuir t\u00edtulo do trabalho (id\u00eantico ao da proposta apresentada)<br>\u2022 Nome dos autor(es) e suas institui\u00e7\u00f5es<br>\u2022 Nome do(a) orientador(a)<br>\u2022 Ag\u00eancia de fomento da pesquisa (se houver)<br>\u2022 Objeto (vis\u00e3o geral sobre o assunto com defini\u00e7\u00e3o do objeto) e objetivos do trabalho metodologia (apresenta\u00e7\u00e3o dos procedimentos metodol\u00f3gicos adotados);<br>\u2022 Resultados obtidos;<br>\u2022 Refer\u00eancias bibliogr\u00e1ficas.<br>\u2022 \u00c9 permitida tamb\u00e9m a utiliza\u00e7\u00e3o de figuras, tabelas, fotos, gr\u00e1ficos e esquemas poss\u00edveis, al\u00e9m do texto de comunica\u00e7\u00e3o.<br><br>Baixe <a href=\"https:\/\/sialat2024.com.br\/index.php\/template-do-poster\/\" target=\"_blank\" rel=\"noreferrer noopener\">aqui<\/a> o template do P\u00f4ster que ser\u00e1 apresentado<\/p>\n\n\n\n<p>MODELO E REGRAS PARA O RESUMO<\/p>\n\n\n\n<p>Para submeter os trabalhos a serem apresentados nos GTs do 5\u00ba SIALAT o participante dever\u00e1 enviar um resumo (em portugu\u00eas, espanhol, ingl\u00eas ou franc\u00eas), contendo at\u00e9 500 palavras, para o seguinte e-mail: resumos5sialat2024@gmail.com<\/p>\n\n\n\n<p>ORIENTA\u00c7\u00d5ES PARA O ENVIO DO E-MAIL:<\/p>\n\n\n\n<p>1- Identifique no \u201cAssunto\u2019 do e-mail a modalidade a que est\u00e1 submetendo o resumo, se \u201cComunica\u00e7\u00e3o Oral\u201d ou \u201cSess\u00e3o de Poster\u201d;<br>2- Atente-se para a forma como deve nomear o arquivo do resumo, indicado no template;<br>3 \u2013 O documento DEVE SER ENVIADO NO FORMATO Microsoft Word (doc ou docx).<\/p>\n\n\n\n<p>O resumo deve conter:<\/p>\n\n\n\n<p>\u2013 T\u00edtulo;<br>\u2013 Principais elementos te\u00f3ricos e metodol\u00f3gicos do trabalho;<br>\u2013 Em que consiste a an\u00e1lise, resultado de pesquisa ou debate principal.<br>\u2013 Palavras-chave<\/p>\n\n\n\n<p>As regras de formata\u00e7\u00e3o encontram-se no template do resumo.<\/p>\n\n\n\n<p>4 \u2013 No corpo do texto indique:<\/p>\n\n\n\n<p>\u2013 Nome do GT:<br>\u2013 Nome do Trabalho:<br>\u2013 Nome de cada autor(a), seguido de institui\u00e7\u00e3o (entre par\u00eanteses).<\/p>\n\n\n\n<p>Baixe\u00a0<a href=\"https:\/\/sialat2024.com.br\/wp-content\/uploads\/2024\/01\/Template_POSTER.docx\" target=\"_blank\" rel=\"noreferrer noopener\">aqui<\/a>\u00a0o template para Sess\u00e3o de P\u00f4ster enviado para avalia\u00e7\u00e3o<\/p>\n\n\n\n<p><\/p>\n\n\n\n<p><strong>Cronograma de Submiss\u00e3o de Resumos, Trabalhos Completos e Resumo de P\u00f4ster<\/strong><\/p>\n\n\n\n<figure class=\"wp-block-table\"><table><tbody><tr><td><strong>Atividades<\/strong><\/td><td><strong>Datas<\/strong><\/td><\/tr><tr><td>Submiss\u00e3o de resumos para&nbsp;<strong>GT\u2019s<\/strong><\/td><td><strong>At\u00e9 05\/02\/2024<\/strong><\/td><\/tr><tr><td>Submiss\u00e3o de resumos para&nbsp;<strong>P\u00f4ster<\/strong><\/td><td><strong>At\u00e9 05\/02\/204<\/strong><\/td><\/tr><tr><td>Divulga\u00e7\u00e3o do resultado dos resumos aprovados para GTs<\/td><td>29\/02\/2024<\/td><\/tr><tr><td>Divulga\u00e7\u00e3o do resultado dos resumos aprovados para P\u00f4ster<\/td><td>29\/02\/2024<\/td><\/tr><tr><td>Divulga\u00e7\u00e3o da Programa\u00e7\u00e3o dos GT\u2019s e P\u00f4steres no site<\/td><td>01\/03\/2024<\/td><\/tr><tr><td>Prazo para envio do artigo completo<\/td><td>10\/04\/2024<\/td><\/tr><tr><td>Apresenta\u00e7\u00e3o de trabalhos nos GT\u2019s<\/td><td>24 \u00e0 26\/04\/2024<\/td><\/tr><\/tbody><\/table><\/figure>\n\n\n\n<p>GRUPOS DE TRABALHO<\/p>\n\n\n\n<p>O V SIALAT cont\u00e9m em sua programa\u00e7\u00e3o, a realiza\u00e7\u00e3o de 8 Grupos de Trabalho<br>tem\u00e1ticos como um espa\u00e7o de troca de experi\u00eancias, resultados de pesquisa e di\u00e1logo<br>entre pesquisadores de diferentes forma\u00e7\u00f5es, pa\u00edses, regi\u00f5es e institui\u00e7\u00f5es. Espa\u00e7o ainda<br>para reflex\u00e3o sobre metodologias, novas abordagens e procedimentos de pesquisa, e de<br>participa\u00e7\u00e3o no campo da a\u00e7\u00e3o coletiva.<br>O exerc\u00edcio da cr\u00edtica \u00e9 parte do conhecimento e uma das principais maneiras de avan\u00e7ar<br>no debate das ci\u00eancias sociais e no conhecimento de nossas sociedades<br>latinoamericanas e caribenhas atravessadas de multiculturalidade e de express\u00f5es<br>diversas de pensar e de construir utopias.<br><br><a href=\"https:\/\/sialat2024.com.br\/wp-content\/uploads\/2024\/02\/EMENTA-GT01.pdf\" target=\"_blank\" rel=\"noreferrer noopener\">GT 01 \u2013 Democracia e conjuntura pol\u00edtica na Am\u00e9rica Latina e Caribe<\/a>&nbsp;<br><a href=\"https:\/\/sialat2024.com.br\/wp-content\/uploads\/2024\/02\/EMENTA-GT02.pdf\" target=\"_blank\" rel=\"noreferrer noopener\">GT 02 \u2013 Desenvolvimento, desigualdade social e cidades latino-americano.<\/a>&nbsp;<br><a href=\"https:\/\/sialat2024.com.br\/wp-content\/uploads\/2024\/02\/EMENTA-GT03.pdf\" target=\"_blank\" rel=\"noreferrer noopener\">GT 03 \u2013 Pensamento social, utopias e epistemologias na Am\u00e9rica Latina e Caribe<\/a>&nbsp;<br><a href=\"https:\/\/sialat2024.com.br\/wp-content\/uploads\/2024\/02\/EMENTA-GT04.pdf\" target=\"_blank\" rel=\"noreferrer noopener\">GT 04 \u2013 Movimentos sociais e \u00e9tnico-territoriais e levantes na Am\u00e9rica Latina e Caribe<\/a>&nbsp;<br><a href=\"https:\/\/sialat2024.com.br\/wp-content\/uploads\/2024\/02\/EMENTA-GT05.pdf\" target=\"_blank\" rel=\"noreferrer noopener\">GT 05 \u2013 Modelo neoextrativista, mega-projetos e economia de commodities na Am\u00e9rica Latina e Caribe<\/a>&nbsp;<br><a href=\"https:\/\/sialat2024.com.br\/wp-content\/uploads\/2024\/02\/EMENTA-GT06.pdf\" target=\"_blank\" rel=\"noreferrer noopener\">GT 06 \u2013 Agriculturas familiares, cultura e ancestralidade, commons e o Bem Viver na Am\u00e9rica Latina e Caribe<\/a>&nbsp;<br><a href=\"https:\/\/sialat2024.com.br\/wp-content\/uploads\/2024\/03\/EMENTA-GT07-1.pdf\" target=\"_blank\" rel=\"noreferrer noopener\">GT 07 \u2013 Emerg\u00eancias clim\u00e1ticas, ecologia pol\u00edtica e desenvolvimento sustent\u00e1vel<\/a><br><a href=\"https:\/\/sialat2024.com.br\/wp-content\/uploads\/2024\/03\/EMENTA-GT08-1.pdf\" target=\"_blank\" rel=\"noreferrer noopener\">GT 08 \u2013 Racismos, colonialismos, patriarcado e di\u00e1sporas na hist\u00f3ria presente da Am\u00e9rica Latina e do Caribe<\/a><\/p>\n","protected":false},"excerpt":{"rendered":"<p>SUBMISS\u00c3O DE TRABALHOS Observa\u00e7\u00f5es gerais: O primeiro passo para a submiss\u00e3o de propostas aos Grupos de Trabalho do 5\u00ba SIALAT \u00e9 o envio de resumos. Nesta edi\u00e7\u00e3o o evento possui duas modalidades para a apresenta\u00e7\u00e3o de trabalhos: 1) Comunica\u00e7\u00e3o Oral&hellip; <\/p>\n","protected":false},"author":1,"featured_media":0,"parent":0,"menu_order":0,"comment_status":"closed","ping_status":"closed","template":"","meta":{"_acf_changed":false,"footnotes":""},"acf":[],"jetpack_sharing_enabled":true,"jetpack-related-posts":[],"_links":{"self":[{"href":"https:\/\/sialat2024.com.br\/index.php\/wp-json\/wp\/v2\/pages\/1394"}],"collection":[{"href":"https:\/\/sialat2024.com.br\/index.php\/wp-json\/wp\/v2\/pages"}],"about":[{"href":"https:\/\/sialat2024.com.br\/index.php\/wp-json\/wp\/v2\/types\/page"}],"author":[{"embeddable":true,"href":"https:\/\/sialat2024.com.br\/index.php\/wp-json\/wp\/v2\/users\/1"}],"replies":[{"embeddable":true,"href":"https:\/\/sialat2024.com.br\/index.php\/wp-json\/wp\/v2\/comments?post=1394"}],"version-history":[{"count":4,"href":"https:\/\/sialat2024.com.br\/index.php\/wp-json\/wp\/v2\/pages\/1394\/revisions"}],"predecessor-version":[{"id":1411,"href":"https:\/\/sialat2024.com.br\/index.php\/wp-json\/wp\/v2\/pages\/1394\/revisions\/1411"}],"wp:attachment":[{"href":"https:\/\/sialat2024.com.br\/index.php\/wp-json\/wp\/v2\/media?parent=1394"}],"curies":[{"name":"wp","href":"https:\/\/api.w.org\/{rel}","templated":true}]}}