{"id":1367,"date":"2024-04-02T23:37:18","date_gmt":"2024-04-03T02:37:18","guid":{"rendered":"https:\/\/sialat2024.com.br\/?page_id=1367"},"modified":"2024-04-23T17:31:49","modified_gmt":"2024-04-23T20:31:49","slug":"inscricao-nos-minicursos","status":"publish","type":"page","link":"https:\/\/sialat2024.com.br\/index.php\/inscricao-nos-minicursos\/","title":{"rendered":"Inscri\u00e7\u00e3o nos Minicursos &#8211; ENCERRADAS"},"content":{"rendered":"\n<p><\/p>\n\n\n\n<p>Confira a lista de Minicursos:<br><br><mark style=\"background-color:rgba(0, 0, 0, 0)\" class=\"has-inline-color has-black-color\"><em><strong>Minicurso &#8211; MC 01<\/strong> <strong>&#8211; LETRAMENTO RACIAL NA AMAZ\u00d4NIA &#8211;<\/strong> <strong>INSCRI\u00c7\u00d5ES ENCERRADAS<\/strong><br><strong>Data:<\/strong> 25 e 26 de abril de 2024<strong><br>Hor\u00e1rio:<\/strong> 08h30 \u00e0s 10h30<br>Coordenadora: Jacqueline Tatiane da Silva Guimar\u00e3es <br>Professora: Jacqueline Tatiane da Silva Guimar\u00e3es &#8211; Campus Universit\u00e1rio do Maraj\u00f3 (CUMB\/UFPA)<br><br><strong>Minicurso &#8211; MC 02 &#8211; G\u00caNERO, PODER E VIOL\u00caNCIA: FUNDAMENTOS DAS EPISTEMOLOGIAS FEMINISTAS &#8211;<\/strong> <strong>INSCRI\u00c7\u00d5ES ENCERRADAS<\/strong><br><strong>Data:<\/strong> 25 e 26 de abril de 2024<strong><br>Hor\u00e1rio:<\/strong> 10h30 \u00e0s 12h30<br>Coordenadora e coordenador: MARIA LUZIA MIRANDA \u00c1LVARES &#8211; UFPA \/ NILSON ALMEIDA DE SOUSA FILHO &#8211; UFPA <br>Professora e Professor: MARIA LUZIA MIRANDA \u00c1LVARES &#8211; UFPA \/ NILSON ALMEIDA DE SOUSA FILHO &#8211; UFPA<br><\/em><br><strong>Minicurso &#8211; MC 03 &#8211; ROTEIROS GEO-TUR\u00cdSTICOS &#8211; FUNDAMENTOS TE\u00d3RICOS E METODOL\u00d3GICOS: COMO CONSTRUIR E IMPLEMENTAR? <\/strong> <em><strong>INSCRI\u00c7\u00d5ES ENCERRADAS<\/strong><\/em><br><strong>Data:<\/strong> 25 e 26 de abril de 2024<strong><br>Hor\u00e1rio:<\/strong> 10h30 \u00e0s 12h30<br>Coordenadoras e coordenador: Maria Goretti da Costa Tavares (UFPA) &#8211; Ana Paula Neves Lins (MPEG) &#8211; Jonathan Rodrigues Nunes (UNIVALI) &#8211; Magaly Caldas Barros (UFPA)<br>Professoras e professor: Ana Paula Neves Lins PPGDS\/MPEG , Jonathan Rodrigues Nunes PPGTH\/UNIVALI e Magaly Caldas Barros &#8211; PPGEO\/UFPA<br><\/mark><\/p>\n\n\n\n<p><\/p>\n","protected":false},"excerpt":{"rendered":"<p>Confira a lista de Minicursos: Minicurso &#8211; MC 01 &#8211; LETRAMENTO RACIAL NA AMAZ\u00d4NIA &#8211; INSCRI\u00c7\u00d5ES ENCERRADASData: 25 e 26 de abril de 2024Hor\u00e1rio: 08h30 \u00e0s 10h30Coordenadora: Jacqueline Tatiane da Silva Guimar\u00e3es Professora: Jacqueline Tatiane da Silva Guimar\u00e3es &#8211; Campus&hellip; <\/p>\n","protected":false},"author":1,"featured_media":0,"parent":0,"menu_order":0,"comment_status":"closed","ping_status":"closed","template":"","meta":{"_acf_changed":false,"footnotes":""},"acf":[],"jetpack_sharing_enabled":true,"jetpack-related-posts":[],"_links":{"self":[{"href":"https:\/\/sialat2024.com.br\/index.php\/wp-json\/wp\/v2\/pages\/1367"}],"collection":[{"href":"https:\/\/sialat2024.com.br\/index.php\/wp-json\/wp\/v2\/pages"}],"about":[{"href":"https:\/\/sialat2024.com.br\/index.php\/wp-json\/wp\/v2\/types\/page"}],"author":[{"embeddable":true,"href":"https:\/\/sialat2024.com.br\/index.php\/wp-json\/wp\/v2\/users\/1"}],"replies":[{"embeddable":true,"href":"https:\/\/sialat2024.com.br\/index.php\/wp-json\/wp\/v2\/comments?post=1367"}],"version-history":[{"count":7,"href":"https:\/\/sialat2024.com.br\/index.php\/wp-json\/wp\/v2\/pages\/1367\/revisions"}],"predecessor-version":[{"id":1634,"href":"https:\/\/sialat2024.com.br\/index.php\/wp-json\/wp\/v2\/pages\/1367\/revisions\/1634"}],"wp:attachment":[{"href":"https:\/\/sialat2024.com.br\/index.php\/wp-json\/wp\/v2\/media?parent=1367"}],"curies":[{"name":"wp","href":"https:\/\/api.w.org\/{rel}","templated":true}]}}

Inscrição nos Minicursos &#8211; ENCERRADAS

<p></p>



<p>Confira a lista de Minicursos:<br><br><mark style="background-color:rgba(0, 0, 0, 0)" class="has-inline-color has-black-color"><em><strong>Minicurso &#8211; MC 01</strong> <strong>&#8211; LETRAMENTO RACIAL NA AMAZÔNIA &#8211;</strong> <strong>INSCRIÇÕES ENCERRADAS</strong><br><strong>Data:</strong> 25 e 26 de abril de 2024<strong><br>Horário:</strong> 08h30 às 10h30<br>Coordenadora: Jacqueline Tatiane da Silva Guimarães <br>Professora: Jacqueline Tatiane da Silva Guimarães &#8211; Campus Universitário do Marajó (CUMB/UFPA)<br><br><strong>Minicurso &#8211; MC 02 &#8211; GÊNERO, PODER E VIOLÊNCIA: FUNDAMENTOS DAS EPISTEMOLOGIAS FEMINISTAS &#8211;</strong> <strong>INSCRIÇÕES ENCERRADAS</strong><br><strong>Data:</strong> 25 e 26 de abril de 2024<strong><br>Horário:</strong> 10h30 às 12h30<br>Coordenadora e coordenador: MARIA LUZIA MIRANDA ÁLVARES &#8211; UFPA / NILSON ALMEIDA DE SOUSA FILHO &#8211; UFPA <br>Professora e Professor: MARIA LUZIA MIRANDA ÁLVARES &#8211; UFPA / NILSON ALMEIDA DE SOUSA FILHO &#8211; UFPA<br></em><br><strong>Minicurso &#8211; MC 03 &#8211; ROTEIROS GEO-TURÍSTICOS &#8211; FUNDAMENTOS TEÓRICOS E METODOLÓGICOS: COMO CONSTRUIR E IMPLEMENTAR? </strong> <em><strong>INSCRIÇÕES ENCERRADAS</strong></em><br><strong>Data:</strong> 25 e 26 de abril de 2024<strong><br>Horário:</strong> 10h30 às 12h30<br>Coordenadoras e coordenador: Maria Goretti da Costa Tavares (UFPA) &#8211; Ana Paula Neves Lins (MPEG) &#8211; Jonathan Rodrigues Nunes (UNIVALI) &#8211; Magaly Caldas Barros (UFPA)<br>Professoras e professor: Ana Paula Neves Lins PPGDS/MPEG , Jonathan Rodrigues Nunes PPGTH/UNIVALI e Magaly Caldas Barros &#8211; PPGEO/UFPA<br></mark></p>



<p></p>

<p>Confira a lista de Minicursos: Minicurso &#8211; MC 01 &#8211; LETRAMENTO RACIAL NA AMAZÔNIA &#8211; INSCRIÇÕES ENCERRADASData: 25 e 26 de abril de 2024Horário: 08h30 às 10h30Coordenadora: Jacqueline Tatiane da Silva Guimarães Professora: Jacqueline Tatiane da Silva Guimarães &#8211; Campus&hellip; </p>
