{"id":1204,"date":"2024-03-21T17:06:12","date_gmt":"2024-03-21T20:06:12","guid":{"rendered":"https:\/\/sialat2024.com.br\/?page_id=1204"},"modified":"2024-03-21T17:13:48","modified_gmt":"2024-03-21T20:13:48","slug":"localizacao-do-evento-e-hoteis","status":"publish","type":"page","link":"https:\/\/sialat2024.com.br\/index.php\/localizacao-do-evento-e-hoteis\/","title":{"rendered":"Localiza\u00e7\u00e3o do Evento e Hot\u00e9is"},"content":{"rendered":"\n<p><strong>Localiza\u00e7\u00e3o do evento: UFPA &#8211; Campus Cidade Universit\u00e1ria Jos\u00e9 da Silveira Neto<\/strong><\/p>\n\n\n\n<p>A Universidade Federal do Par\u00e1 \u00e9 uma cidade universit\u00e1ria localizada no Bairro Guam\u00e1, em Bel\u00e9m do Par\u00e1. A universidade possui Centro de Conven\u00e7\u00f5es, Espa\u00e7os de Ensino, Laborat\u00f3rios, Bibliotecas, Restaurantes Universit\u00e1rios, Hospital Universit\u00e1rio e Bancos. A UFPA oferece tamb\u00e9m um ambiente arborizado e uma vista para o Rio Guam\u00e1, que pode ser melhor aproveitada pela tarde no Setor B\u00e1sico em frente ao Espa\u00e7o de Ensino Mirante do Rio.<\/p>\n\n\n\n<p>Endere\u00e7o: Rua Augusto Corr\u00eaa, n\u00ba 01 &#8211; Bairro: Guam\u00e1. CEP: 66075. Bel\u00e9m &#8211; Par\u00e1 &#8211; Brasil<br><\/p>\n\n<iframe loading=\"lazy\" src=\"https:\/\/www.google.com\/maps\/d\/embed?mid=121XRJBiG6ZJzWEqNYwCpQtUpJR47PWk&#038;ehbc=2E312F\" width=\"640\" height=\"480\"><\/iframe>\n\n<p><\/p>\n\n\n\n<p><strong>Hospedagem &#8211; Hot\u00e9is<\/strong><\/p>\n\n\n\n<p>Sugerimos os seguintes hot\u00e9is em fun\u00e7\u00e3o da qualidade dos servi\u00e7os e rota de acesso \u00e0 UFPA.<\/p>\n\n\n\n<p>1. Princesa Lou\u00e7\u00e3<\/p>\n\n\n\n<p>Este \u00e9 o hotel mais recomendado em fun\u00e7\u00e3o do custo\/benef\u00edcio apresentado.<strong><\/strong><\/p>\n\n\n\n<p>Endere\u00e7o: Av. Pres. Vargas, 882 &#8211; Campina, Bel\u00e9m &#8211; PA, 66017-904<\/p>\n\n\n\n<p>Telefone: (91) 4006 7000<\/p>\n\n\n\n<p>E-mail:<a href=\"mailto:reservas@princesabelem.com.br\" target=\"_blank\" rel=\"noreferrer noopener\"><u>reservas@princesabelem.com.br<\/u><\/a><\/p>\n\n\n\n<p>Site: <a href=\"https:\/\/www.princesabelem.com.br\/\" target=\"_blank\" rel=\"noreferrer noopener\"><u>https:\/\/www.princesabelem.com.br<\/u><\/a><\/p>\n\n\n\n<p>Link do Maps: <a href=\"https:\/\/maps.app.goo.gl\/SmKp2RKkHW6NVhZE6\" target=\"_blank\" rel=\"noreferrer noopener\"><u>https:\/\/maps.app.goo.gl\/SmKp2RKkHW6NVhZE6<\/u><\/a><\/p>\n\n\n\n<p>2. Hotel Bel\u00e9m Soft Hotel<\/p>\n\n\n\n<p>Endere\u00e7o: Av. Comandante Br\u00e1s de Aguiar, 612 &#8211; Nazar\u00e9, Bel\u00e9m &#8211; PA, 66035-000<\/p>\n\n\n\n<p>Telefone: (91) 3323 3400<\/p>\n\n\n\n<p>E-mail: <a href=\"mailto:reservas@belemsofthotel.com.br\" target=\"_blank\" rel=\"noreferrer noopener\"><u>reservas@belemsofthotel.com.br<\/u><\/a><\/p>\n\n\n\n<p>Site: <a href=\"https:\/\/www.belemsofthotel.com.br\/\" target=\"_blank\" rel=\"noreferrer noopener\"><u>https:\/\/www.belemsofthotel.com.br\/<\/u><\/a><\/p>\n\n\n\n<p>Link do Maps: <a href=\"https:\/\/maps.app.goo.gl\/oobMsGLUfgUC6CEy9\" target=\"_blank\" rel=\"noreferrer noopener\"><u>https:\/\/maps.app.goo.gl\/oobMsGLUfgUC6CEy9<\/u><\/a><\/p>\n\n\n\n<p>3. Hotel Gr\u00e3o-Par\u00e1<\/p>\n\n\n\n<p>Endere\u00e7o: Av. Pres. Vargas, 718 &#8211; Campina, Bel\u00e9m &#8211; PA, 66017-000<\/p>\n\n\n\n<p>Telefone: (91) 98454 8112 | (91) 3321 2121<\/p>\n\n\n\n<p>E-mail: <a href=\"mailto:hotelgraopara@yahoo.com\" target=\"_blank\" rel=\"noreferrer noopener\"><u>hotelgraopara@yahoo.com<\/u><\/a><\/p>\n\n\n\n<p>Site: <a href=\"https:\/\/hotelgraopara.com.br\/site\/\" target=\"_blank\" rel=\"noreferrer noopener\"><u>https:\/\/hotelgraopara.com.br\/site\/<\/u><\/a><\/p>\n\n\n\n<p>Link do Maps: <a href=\"https:\/\/maps.app.goo.gl\/fNHaXSFsnaycQwsB8\" target=\"_blank\" rel=\"noreferrer noopener\"><u>https:\/\/maps.app.goo.gl\/fNHaXSFsnaycQwsB8<\/u><\/a><\/p>\n\n\n\n<p>4. Ibis Styles Batista Campos<\/p>\n\n\n\n<p>Endere\u00e7o: Travessa Presidente Pernambuco, 116, Bairro Batista Campos, 66015200- Bel\u00e9m\/Pa<\/p>\n\n\n\n<p>Telefone: (91) 3342 2121<\/p>\n\n\n\n<p>E-mail: <a href=\"mailto:hb1z6-re@accor.com\" target=\"_blank\" rel=\"noreferrer noopener\"><u>hb1z6-re@accor.com<\/u><\/a><\/p>\n\n\n\n<p>Site: <a href=\"https:\/\/all.accor.com\/hotel\/B1Z6\/index.pt-br.shtml\" target=\"_blank\" rel=\"noreferrer noopener\"><u>https:\/\/all.accor.com\/hotel\/B1Z6\/index.pt-br.shtml<\/u><\/a><\/p>\n\n\n\n<p>Link do Maps:<a href=\"https:\/\/maps.app.goo.gl\/SU4BTUTHWsiJ8DQ67\" target=\"_blank\" rel=\"noreferrer noopener\"><u>https:\/\/maps.app.goo.gl\/SU4BTUTHWsiJ8DQ67<\/u><\/a><\/p>\n\n\n\n<p>5.Ibis Styles Bel\u00e9m do Par\u00e1<\/p>\n\n\n\n<p>Endere\u00e7o:Av. Gentil Bittencourt, 85 &#8211; Batista Campos, Bel\u00e9m &#8211; PA, 66015-140<\/p>\n\n\n\n<p>Telefone: (91) 3323 7198<\/p>\n\n\n\n<p>E-mail: <a href=\"mailto:HB9K8-RE@accor.com\" target=\"_blank\" rel=\"noreferrer noopener\"><u>HB9K8-RE@accor.com<\/u><\/a><\/p>\n\n\n\n<p>Site:<a href=\"https:\/\/all.accor.com\/hotel\/B9K8\/index.pt.shtml\" target=\"_blank\" rel=\"noreferrer noopener\"><u>https:\/\/all.accor.com\/hotel\/B9K8\/index.pt.shtml<\/u><\/a><\/p>\n\n\n\n<p>Link do Maps:<a href=\"https:\/\/maps.app.goo.gl\/EKjfEP9dp3GQbCc8A\" target=\"_blank\" rel=\"noreferrer noopener\"><u>https:\/\/maps.app.goo.gl\/EKjfEP9dp3GQbCc8A<\/u><\/a><\/p>\n","protected":false},"excerpt":{"rendered":"<p>Localiza\u00e7\u00e3o do evento: UFPA &#8211; Campus Cidade Universit\u00e1ria Jos\u00e9 da Silveira Neto A Universidade Federal do Par\u00e1 \u00e9 uma cidade universit\u00e1ria localizada no Bairro Guam\u00e1, em Bel\u00e9m do Par\u00e1. A universidade possui Centro de Conven\u00e7\u00f5es, Espa\u00e7os de Ensino, Laborat\u00f3rios, Bibliotecas,&hellip; <\/p>\n","protected":false},"author":1,"featured_media":0,"parent":0,"menu_order":0,"comment_status":"closed","ping_status":"closed","template":"","meta":{"_acf_changed":false,"footnotes":""},"acf":[],"jetpack_sharing_enabled":true,"jetpack-related-posts":[],"_links":{"self":[{"href":"https:\/\/sialat2024.com.br\/index.php\/wp-json\/wp\/v2\/pages\/1204"}],"collection":[{"href":"https:\/\/sialat2024.com.br\/index.php\/wp-json\/wp\/v2\/pages"}],"about":[{"href":"https:\/\/sialat2024.com.br\/index.php\/wp-json\/wp\/v2\/types\/page"}],"author":[{"embeddable":true,"href":"https:\/\/sialat2024.com.br\/index.php\/wp-json\/wp\/v2\/users\/1"}],"replies":[{"embeddable":true,"href":"https:\/\/sialat2024.com.br\/index.php\/wp-json\/wp\/v2\/comments?post=1204"}],"version-history":[{"count":6,"href":"https:\/\/sialat2024.com.br\/index.php\/wp-json\/wp\/v2\/pages\/1204\/revisions"}],"predecessor-version":[{"id":1220,"href":"https:\/\/sialat2024.com.br\/index.php\/wp-json\/wp\/v2\/pages\/1204\/revisions\/1220"}],"wp:attachment":[{"href":"https:\/\/sialat2024.com.br\/index.php\/wp-json\/wp\/v2\/media?parent=1204"}],"curies":[{"name":"wp","href":"https:\/\/api.w.org\/{rel}","templated":true}]}}